{"id":14908,"date":"2014-05-17T10:00:28","date_gmt":"2014-05-17T08:00:28","guid":{"rendered":"https:\/\/www.antipodes.cafe\/unflagg\/utforsking-av-norges-flagg\/"},"modified":"2017-09-07T16:07:35","modified_gmt":"2017-09-07T14:07:35","slug":"utforsking-av-norges-flagg","status":"publish","type":"unf","link":"https:\/\/www.antipodes.cafe\/es\/unflagg\/utforsking-av-norges-flagg\/","title":{"rendered":"Utforsking av Norges flagg"},"content":{"rendered":"<p>El proyecto \u201cUtforsking av Norges flagg\u201d (\u00abExploraciones en la bandera de Noruega\u00bb) incluye una intervenci\u00f3n urbana, la cual consiste en una instalaci\u00f3n de 75 banderolas sobre espec\u00edficas calles -y momentos- de Noruega.<\/p>\n<p>A golpe de vista, la instalaci\u00f3n puede ser percibida como una decoraci\u00f3n patri\u00f3tica, pero en lectura m\u00e1s precisa, nos invita a reflexionar sobre diferentes conceptos, tales como identidad, independencia, pluralismo y democracia.<\/p>\n<p>Aunque las proporciones son id\u00e9nticas, ninguna de las rojas, blancas y azules banderolas es t\u00e9cnicamente la bandera actual de Noruega.<\/p>\n<p>La ley Noruega define las proporciones de la bandera y de su dise\u00f1o, pero no define los colores con un sistema estandarizado. As\u00ed, todas las banderas en uso tienen diferencias en tonalidades. Por otro lado y a la hora de ser producida la bandera, la ley no define la procedencia, siendo casi imposible encontrar en el mercado hoy d\u00eda, una bandera Noruega que haya sido hecha en Noruega.<\/p>\n<p>Tampoco es f\u00e1cil encontrar \u00a0comentarios o quejas sobre estos temas mencionados.<\/p>\n<p>Por decenas de amenazas recibidas, as\u00ed como comentarios de extrema violencia, esta obra confirm\u00f3 la rigidez de los ciudadanos, ultra nacionalistas o no, y su comportamiento reaccionario ante cualquier tipo de acci\u00f3n que presente de forma p\u00fablica un movimiento en un emblema, sea sutil o dram\u00e1tico.<\/p>\n<p>Esta instalaci\u00f3n no promueve una nueva bandera para Noruega, ni es una queja, sino una plataforma proactiva para abrir di\u00e1logos sobre la apropiaci\u00f3n de s\u00edmbolos nacionales en donde, lejos del taboo, se considere como parte de su deber democr\u00e1tico y como herramienta para la libertad de expresi\u00f3n.<\/p>\n<p><img loading=\"lazy\" decoding=\"async\" class=\"alignnone size-full wp-image-14905\" src=\"https:\/\/www.antipodes.cafe\/wp-content\/uploads\/2014\/05\/ae14-unf_urbanintervention-post-1.jpg\" alt=\"\" width=\"790\" height=\"593\" srcset=\"https:\/\/www.antipodes.cafe\/wp-content\/uploads\/2014\/05\/ae14-unf_urbanintervention-post-1.jpg 790w, https:\/\/www.antipodes.cafe\/wp-content\/uploads\/2014\/05\/ae14-unf_urbanintervention-post-1-600x450.jpg 600w, https:\/\/www.antipodes.cafe\/wp-content\/uploads\/2014\/05\/ae14-unf_urbanintervention-post-1-768x576.jpg 768w\" sizes=\"auto, (max-width: 790px) 100vw, 790px\" \/><\/p>\n<p>&nbsp;<\/p>\n<hr \/>\n<h5><span style=\"color: #408edd;\">Fotos<\/span><\/h5>\n<p>antipodes caf\u00e9<\/p>\n<hr \/>\n<h5><span style=\"color: #408edd;\">GRACIAS<\/span><\/h5>\n<ul>\n<li>H\u00f8ydespesialisten AS<\/li>\n<li>CH Prosjekt AS<\/li>\n<li>Mail Boxes ETC<\/li>\n<li>El Dorado<\/li>\n<li>Geir T\u00f8yen<\/li>\n<li>Rachel Dagnall<\/li>\n<li>Stephan Schr\u00f6eder<\/li>\n<li>Alex Asensi<\/li>\n<\/ul>\n","protected":false},"author":11,"featured_media":9720,"comment_status":"closed","ping_status":"closed","template":"","meta":{"ngg_post_thumbnail":0},"locations":[507,505],"listing_categories":[451,458],"class_list":["post-14908","unf","type-unf","status-publish","has-post-thumbnail","hentry","locations-norway-es","locations-oslo-es-2","listing_categories-artworks-es","listing_categories-urbanintervention-es"],"cmb2":{"listing_unf_general":{"listing_title":"Utforsking av Norges flagg","listing_description":"El proyecto \u201cUtforsking av Norges flagg\u201d (\"Exploraciones en la bandera de Noruega\") incluye una intervenci\u00f3n urbana, la cual consiste en una instalaci\u00f3n de 75 banderolas sobre espec\u00edficas calles -y momentos- de Noruega.\r\n\r\nA golpe de vista, la instalaci\u00f3n puede ser percibida como una decoraci\u00f3n patri\u00f3tica, pero en lectura m\u00e1s precisa, nos invita a reflexionar sobre diferentes conceptos, tales como identidad, independencia, pluralismo y democracia.\r\n\r\nAunque las proporciones son id\u00e9nticas, ninguna de las rojas, blancas y azules banderolas es t\u00e9cnicamente la bandera actual de Noruega.\r\n\r\nLa ley Noruega define las proporciones de la bandera y de su dise\u00f1o, pero no define los colores con un sistema estandarizado. As\u00ed, todas las banderas en uso tienen diferencias en tonalidades. Por otro lado y a la hora de ser producida la bandera, la ley no define la procedencia, siendo casi imposible encontrar en el mercado hoy d\u00eda, una bandera Noruega que haya sido hecha en Noruega.\r\n\r\nTampoco es f\u00e1cil encontrar \u00a0comentarios o quejas sobre estos temas mencionados.\r\n\r\nPor decenas de amenazas recibidas, as\u00ed como comentarios de extrema violencia, esta obra confirm\u00f3 la rigidez de los ciudadanos, ultra nacionalistas o no, y su comportamiento reaccionario ante cualquier tipo de acci\u00f3n que presente de forma p\u00fablica un movimiento en un emblema, sea sutil o dram\u00e1tico.\r\n\r\nEsta instalaci\u00f3n no promueve una nueva bandera para Noruega, ni es una queja, sino una plataforma proactiva para abrir di\u00e1logos sobre la apropiaci\u00f3n de s\u00edmbolos nacionales en donde, lejos del taboo, se considere como parte de su deber democr\u00e1tico y como herramienta para la libertad de expresi\u00f3n.\r\n\r\n<img class=\"alignnone size-full wp-image-14905\" src=\"https:\/\/www.antipodes.cafe\/wp-content\/uploads\/2014\/05\/ae14-unf_urbanintervention-post-1.jpg\" alt=\"\" width=\"790\" height=\"593\" \/>\r\n\r\n&nbsp;\r\n\r\n<hr \/>\r\n\r\n<h5><span style=\"color: #408edd;\">Fotos<\/span><\/h5>\r\nantipodes caf\u00e9\r\n\r\n<hr \/>\r\n\r\n<h5><span style=\"color: #408edd;\">GRACIAS<\/span><\/h5>\r\n<ul>\r\n \t<li>H\u00f8ydespesialisten AS<\/li>\r\n \t<li>CH Prosjekt AS<\/li>\r\n \t<li>Mail Boxes ETC<\/li>\r\n \t<li>El Dorado<\/li>\r\n \t<li>Geir T\u00f8yen<\/li>\r\n \t<li>Rachel Dagnall<\/li>\r\n \t<li>Stephan Schr\u00f6eder<\/li>\r\n \t<li>Alex Asensi<\/li>\r\n<\/ul>","listing_featured_image":"https:\/\/www.antipodes.cafe\/wp-content\/uploads\/2017\/02\/ae14-unf_urbanintervention-01.jpg","listing_featured_image_id":""},"listing_unf_banner":{"listing_banner":"banner_featured_image","listing_banner_image":"","listing_banner_image_id":"","listing_banner_video":"","listing_banner_video_id":"","listing_banner_video_embed":"","listing_banner_map_zoom":"12","listing_banner_map_type":"SATELLITE","listing_banner_map_marker":""},"listing_unf_gallery":{"listing_gallery":{"14841":"https:\/\/www.antipodes.cafe\/wp-content\/uploads\/2014\/05\/ae14-unf_urbanintervention-02.jpg","14846":"https:\/\/www.antipodes.cafe\/wp-content\/uploads\/2014\/05\/ae14-unf_urbanintervention-03.jpg","14851":"https:\/\/www.antipodes.cafe\/wp-content\/uploads\/2014\/05\/ae14-unf_urbanintervention-04.jpg","14856":"https:\/\/www.antipodes.cafe\/wp-content\/uploads\/2014\/05\/ae14-unf_urbanintervention-05.jpg","14861":"https:\/\/www.antipodes.cafe\/wp-content\/uploads\/2014\/05\/ae14-unf_urbanintervention-06.jpg","14866":"https:\/\/www.antipodes.cafe\/wp-content\/uploads\/2014\/05\/ae14-unf_urbanintervention-07.jpg","14871":"https:\/\/www.antipodes.cafe\/wp-content\/uploads\/2014\/05\/ae14-unf_urbanintervention-08.jpg","14876":"https:\/\/www.antipodes.cafe\/wp-content\/uploads\/2014\/05\/ae14-unf_urbanintervention-09.jpg","14881":"https:\/\/www.antipodes.cafe\/wp-content\/uploads\/2014\/05\/ae14-unf_urbanintervention-10.jpg","14959":"https:\/\/www.antipodes.cafe\/wp-content\/uploads\/2014\/05\/ae14-unf_urbanintervention-11-1.jpg","14964":"https:\/\/www.antipodes.cafe\/wp-content\/uploads\/2014\/05\/ae14-unf_urbanintervention-12-1.jpg","15119":"https:\/\/www.antipodes.cafe\/wp-content\/uploads\/2014\/05\/ae14-unf_urbanintervention-53.jpg","14909":"https:\/\/www.antipodes.cafe\/wp-content\/uploads\/2014\/05\/ae14-unf_urbanintervention-00.jpg","14969":"https:\/\/www.antipodes.cafe\/wp-content\/uploads\/2014\/05\/ae14-unf_urbanintervention-18.jpg","14974":"https:\/\/www.antipodes.cafe\/wp-content\/uploads\/2014\/05\/ae14-unf_urbanintervention-19.jpg","14979":"https:\/\/www.antipodes.cafe\/wp-content\/uploads\/2014\/05\/ae14-unf_urbanintervention-20.jpg","14984":"https:\/\/www.antipodes.cafe\/wp-content\/uploads\/2014\/05\/ae14-unf_urbanintervention-21.jpg","14989":"https:\/\/www.antipodes.cafe\/wp-content\/uploads\/2014\/05\/ae14-unf_urbanintervention-22.jpg","14994":"https:\/\/www.antipodes.cafe\/wp-content\/uploads\/2014\/05\/ae14-unf_urbanintervention-23.jpg","14999":"https:\/\/www.antipodes.cafe\/wp-content\/uploads\/2014\/05\/ae14-unf_urbanintervention-24.jpg","15004":"https:\/\/www.antipodes.cafe\/wp-content\/uploads\/2014\/05\/ae14-unf_urbanintervention-25.jpg","15009":"https:\/\/www.antipodes.cafe\/wp-content\/uploads\/2014\/05\/ae14-unf_urbanintervention-26.jpg","15014":"https:\/\/www.antipodes.cafe\/wp-content\/uploads\/2014\/05\/ae14-unf_urbanintervention-27.jpg","15019":"https:\/\/www.antipodes.cafe\/wp-content\/uploads\/2014\/05\/ae14-unf_urbanintervention-28.jpg","15024":"https:\/\/www.antipodes.cafe\/wp-content\/uploads\/2014\/05\/ae14-unf_urbanintervention-29.jpg","15029":"https:\/\/www.antipodes.cafe\/wp-content\/uploads\/2014\/05\/ae14-unf_urbanintervention-30.jpg","15034":"https:\/\/www.antipodes.cafe\/wp-content\/uploads\/2014\/05\/ae14-unf_urbanintervention-31.jpg","15039":"https:\/\/www.antipodes.cafe\/wp-content\/uploads\/2014\/05\/ae14-unf_urbanintervention-32.jpg","15044":"https:\/\/www.antipodes.cafe\/wp-content\/uploads\/2014\/05\/ae14-unf_urbanintervention-33.jpg","15089":"https:\/\/www.antipodes.cafe\/wp-content\/uploads\/2014\/05\/ae14-unf_urbanintervention-42.jpg","15049":"https:\/\/www.antipodes.cafe\/wp-content\/uploads\/2014\/05\/ae14-unf_urbanintervention-34.jpg","15054":"https:\/\/www.antipodes.cafe\/wp-content\/uploads\/2014\/05\/ae14-unf_urbanintervention-35.jpg","15059":"https:\/\/www.antipodes.cafe\/wp-content\/uploads\/2014\/05\/ae14-unf_urbanintervention-36.jpg","15064":"https:\/\/www.antipodes.cafe\/wp-content\/uploads\/2014\/05\/ae14-unf_urbanintervention-37.jpg","15069":"https:\/\/www.antipodes.cafe\/wp-content\/uploads\/2014\/05\/ae14-unf_urbanintervention-38.jpg","15074":"https:\/\/www.antipodes.cafe\/wp-content\/uploads\/2014\/05\/ae14-unf_urbanintervention-39.jpg","15084":"https:\/\/www.antipodes.cafe\/wp-content\/uploads\/2014\/05\/ae14-unf_urbanintervention-41.jpg","15094":"https:\/\/www.antipodes.cafe\/wp-content\/uploads\/2014\/05\/ae14-unf_urbanintervention-43.jpg","15099":"https:\/\/www.antipodes.cafe\/wp-content\/uploads\/2014\/05\/ae14-unf_urbanintervention-44.jpg","15104":"https:\/\/www.antipodes.cafe\/wp-content\/uploads\/2014\/05\/ae14-unf_urbanintervention-48.jpg","15109":"https:\/\/www.antipodes.cafe\/wp-content\/uploads\/2014\/05\/ae14-unf_urbanintervention-50.jpg","15114":"https:\/\/www.antipodes.cafe\/wp-content\/uploads\/2014\/05\/ae14-unf_urbanintervention-51.jpg","15124":"https:\/\/www.antipodes.cafe\/wp-content\/uploads\/2014\/05\/ae14-unf_urbanintervention-68.jpg","15129":"https:\/\/www.antipodes.cafe\/wp-content\/uploads\/2014\/05\/ae14-unf_urbanintervention-365.jpg","15079":"https:\/\/www.antipodes.cafe\/wp-content\/uploads\/2014\/05\/ae14-unf_urbanintervention-40.jpg","15134":"https:\/\/www.antipodes.cafe\/wp-content\/uploads\/2014\/05\/ae14-unf_urbanintervention-featured00.jpg"}},"listing_unf_video":{"listing_video":""},"listing_unf_listing_category":{"listing_listing_category":["artwork","urbanintervention"]},"listing_unf_location":{"listing_address":"Torggata, Oslo","listing_locations":["norway","oslo"],"listing_map_location":{"address":"Torggata, Oslo, Norway","latitude":"59.91390178072156","longitude":"10.747662193887322"},"listing_map_location_polygon":"","listing_street_view":"","listing_street_view_location":{"latitude":"59.91447230772331","longitude":"10.748656578560848","zoom":"1.1640000000000001","heading":"227.379","pitch":"14.191000000000003"},"listing_inside_view":"","listing_inside_view_location":{"latitude":"37.81240457820649","longitude":"-122.47607752956908","zoom":"1.1640000000000001","heading":"-18","pitch":"25"},"listing_venue":"(public space)"},"listing_unf_date":{"listing_date":""},"listing_unf_time":{"listing_time":""},"listing_unf_date_interval":{"listing_date_from":"1400198400","listing_date_to":"1498694400"},"listing_unf_datetime_interval":{"listing_datetime_from":"","listing_datetime_to":""},"listing_unf_time_interval":{"listing_time_from":"","listing_time_to":""},"listing_unf_date_and_time_interval":{"listing_date":"","listing_time_from":"","listing_time_to":""}},"_links":{"self":[{"href":"https:\/\/www.antipodes.cafe\/es\/wp-json\/wp\/v2\/unf\/14908","targetHints":{"allow":["GET"]}}],"collection":[{"href":"https:\/\/www.antipodes.cafe\/es\/wp-json\/wp\/v2\/unf"}],"about":[{"href":"https:\/\/www.antipodes.cafe\/es\/wp-json\/wp\/v2\/types\/unf"}],"author":[{"embeddable":true,"href":"https:\/\/www.antipodes.cafe\/es\/wp-json\/wp\/v2\/users\/11"}],"replies":[{"embeddable":true,"href":"https:\/\/www.antipodes.cafe\/es\/wp-json\/wp\/v2\/comments?post=14908"}],"wp:featuredmedia":[{"embeddable":true,"href":"https:\/\/www.antipodes.cafe\/es\/wp-json\/wp\/v2\/media\/9720"}],"wp:attachment":[{"href":"https:\/\/www.antipodes.cafe\/es\/wp-json\/wp\/v2\/media?parent=14908"}],"wp:term":[{"taxonomy":"locations","embeddable":true,"href":"https:\/\/www.antipodes.cafe\/es\/wp-json\/wp\/v2\/locations?post=14908"},{"taxonomy":"listing_categories","embeddable":true,"href":"https:\/\/www.antipodes.cafe\/es\/wp-json\/wp\/v2\/listing_categories?post=14908"}],"curies":[{"name":"wp","href":"https:\/\/api.w.org\/{rel}","templated":true}]}}

<p>El proyecto “Utforsking av Norges flagg” («Exploraciones en la bandera de Noruega») incluye una intervención urbana, la cual consiste en una instalación de 75 banderolas sobre específicas calles -y momentos- de Noruega.</p>
<p>A golpe de vista, la instalación puede ser percibida como una decoración patriótica, pero en lectura más precisa, nos invita a reflexionar sobre diferentes conceptos, tales como identidad, independencia, pluralismo y democracia.</p>
<p>Aunque las proporciones son idénticas, ninguna de las rojas, blancas y azules banderolas es técnicamente la bandera actual de Noruega.</p>
<p>La ley Noruega define las proporciones de la bandera y de su diseño, pero no define los colores con un sistema estandarizado. Así, todas las banderas en uso tienen diferencias en tonalidades. Por otro lado y a la hora de ser producida la bandera, la ley no define la procedencia, siendo casi imposible encontrar en el mercado hoy día, una bandera Noruega que haya sido hecha en Noruega.</p>
<p>Tampoco es fácil encontrar  comentarios o quejas sobre estos temas mencionados.</p>
<p>Por decenas de amenazas recibidas, así como comentarios de extrema violencia, esta obra confirmó la rigidez de los ciudadanos, ultra nacionalistas o no, y su comportamiento reaccionario ante cualquier tipo de acción que presente de forma pública un movimiento en un emblema, sea sutil o dramático.</p>
<p>Esta instalación no promueve una nueva bandera para Noruega, ni es una queja, sino una plataforma proactiva para abrir diálogos sobre la apropiación de símbolos nacionales en donde, lejos del taboo, se considere como parte de su deber democrático y como herramienta para la libertad de expresión.</p>
<p><img loading="lazy" decoding="async" class="alignnone size-full wp-image-14905" src="https://www.antipodes.cafe/wp-content/uploads/2014/05/ae14-unf_urbanintervention-post-1.jpg" alt="" width="790" height="593" srcset="https://www.antipodes.cafe/wp-content/uploads/2014/05/ae14-unf_urbanintervention-post-1.jpg 790w, https://www.antipodes.cafe/wp-content/uploads/2014/05/ae14-unf_urbanintervention-post-1-600x450.jpg 600w, https://www.antipodes.cafe/wp-content/uploads/2014/05/ae14-unf_urbanintervention-post-1-768x576.jpg 768w" sizes="auto, (max-width: 790px) 100vw, 790px" /></p>
<p>&nbsp;</p>
<hr />
<h5><span style="color: #408edd;">Fotos</span></h5>
<p>antipodes café</p>
<hr />
<h5><span style="color: #408edd;">GRACIAS</span></h5>
<ul>
<li>Høydespesialisten AS</li>
<li>CH Prosjekt AS</li>
<li>Mail Boxes ETC</li>
<li>El Dorado</li>
<li>Geir Tøyen</li>
<li>Rachel Dagnall</li>
<li>Stephan Schröeder</li>
<li>Alex Asensi</li>
</ul>

El proyecto “Utforsking av Norges flagg” ("Exploraciones en la bandera de Noruega") incluye una intervención urbana, la cual consiste en una instalación de 75 banderolas sobre específicas calles -y momentos- de Noruega.

A golpe de vista, la instalación puede ser percibida como una decoración patriótica, pero en lectura más precisa, nos invita a reflexionar sobre diferentes conceptos, tales como identidad, independencia, pluralismo y democracia.

Aunque las proporciones son idénticas, ninguna de las rojas, blancas y azules banderolas es técnicamente la bandera actual de Noruega.

La ley Noruega define las proporciones de la bandera y de su diseño, pero no define los colores con un sistema estandarizado. Así, todas las banderas en uso tienen diferencias en tonalidades. Por otro lado y a la hora de ser producida la bandera, la ley no define la procedencia, siendo casi imposible encontrar en el mercado hoy día, una bandera Noruega que haya sido hecha en Noruega.

Tampoco es fácil encontrar  comentarios o quejas sobre estos temas mencionados.

Por decenas de amenazas recibidas, así como comentarios de extrema violencia, esta obra confirmó la rigidez de los ciudadanos, ultra nacionalistas o no, y su comportamiento reaccionario ante cualquier tipo de acción que presente de forma pública un movimiento en un emblema, sea sutil o dramático.

Esta instalación no promueve una nueva bandera para Noruega, ni es una queja, sino una plataforma proactiva para abrir diálogos sobre la apropiación de símbolos nacionales en donde, lejos del taboo, se considere como parte de su deber democrático y como herramienta para la libertad de expresión.

<img class="alignnone size-full wp-image-14905" src="https://www.antipodes.cafe/wp-content/uploads/2014/05/ae14-unf_urbanintervention-post-1.jpg" alt="" width="790" height="593" />

&nbsp;

<hr />

<h5><span style="color: #408edd;">Fotos</span></h5>
antipodes café

<hr />

<h5><span style="color: #408edd;">GRACIAS</span></h5>
<ul>
 	<li>Høydespesialisten AS</li>
 	<li>CH Prosjekt AS</li>
 	<li>Mail Boxes ETC</li>
 	<li>El Dorado</li>
 	<li>Geir Tøyen</li>
 	<li>Rachel Dagnall</li>
 	<li>Stephan Schröeder</li>
 	<li>Alex Asensi</li>
</ul>
