{"id":21889,"date":"2018-08-31T10:00:12","date_gmt":"2018-08-31T08:00:12","guid":{"rendered":"https:\/\/www.antipodes.cafe\/lecture\/mi-casa-su-casa\/"},"modified":"2018-09-11T11:06:45","modified_gmt":"2018-09-11T09:06:45","slug":"mi-casa-su-casa","status":"publish","type":"lecture","link":"https:\/\/www.antipodes.cafe\/es\/lecture\/mi-casa-su-casa\/","title":{"rendered":"mi casa, su casa"},"content":{"rendered":"<p>En la ma\u00f1ana de un c\u00e1lido viernes, estudiantes y docentes del Grupo de Viaje 2018 de la FADU nos visitaron en \u00ab\u00e6Stue\u00bb y compartimos caf\u00e9s y diversos detalles sobre los procesos detr\u00e1s de la casa \u00ab\u00e6House\u00bb as\u00ed como ideas sobre nuestra modalidad de trabajo.<\/p>\n<p>\u2014<br \/>\n<em>\u00abGrupo de Viaje \u00bb es un viaje de estudios en desarrollo desde 1947. Es un curso opcional, pero un punto medular en la carrera de los estudiantes de arquitectura de la universidad p\u00fablica de Uruguay. Durante unos ocho meses, visitan diversos pa\u00edses, lugares, estudios y gente, alrededor del mundo en un viaje que sigue un plan de trabajo con gu\u00edas impresas \u2013y digitales\u2013 y docentes acompa\u00f1\u00e1ndoles y coordinando sus jornadas. Para realizar este viaje, los estudiantes venden bonos de loter\u00eda propios con premios que van de veh\u00edculos, viajes y hasta una vivienda, que se realiza anualmente luego de un concurso\u00a0 en Uruguay, el cual a su vez funciona como un term\u00f3metro del panorama arquitect\u00f3nico contempor\u00e1neo local. Este viaje de estudios es organizado \u00edntegramente por los estudiantes dentro de la Facultad de Arquitectura, Dise\u00f1o y Urbanismo (FADU) de la Universidad de la Rep\u00fablica O. del Uruguay<\/em><span class=\"text_exposed_show\"><em>. Estudiante forman parte de asambleas generales y as\u00ed deciden el programa acad\u00e9mico y dem\u00e1s detalles administrativos, econ\u00f3micos, program\u00e1ticos\u2026 etc.<\/em><\/span><\/p>\n<p><em>Obviamente este viaje no ser\u00eda posible sin una sociedad detr\u00e1s que respalda esta experiencia con la compra de rifas y con otras formas de apoyo a los estudiantes que por cuatro a\u00f1os trabajan para esta experiencia. Resulta incre\u00edble que exista tan poca informaci\u00f3n condensada de estos 70 a\u00f1os, pero seguramente aparezca en detalles aqu\u00ed y all\u00e1, y seguramente no es casual que as\u00ed sea.<\/em><\/p>\n<p>\u2014<br \/>\n<a href=\"http:\/\/www.plexo.edu.uy\/proyecto-academico\/itinerario\/\">Grupo de Viaje 2018<\/a><\/p>\n<p>\u2014<\/p>\n<p>Fotos y coordinaci\u00f3n: Docente Pablo Can\u00e9n (gracias!)<\/p>\n","protected":false},"author":11,"featured_media":21876,"comment_status":"closed","ping_status":"closed","template":"","meta":{"ngg_post_thumbnail":0},"locations":[507,505],"listing_categories":[465],"class_list":["post-21889","lecture","type-lecture","status-publish","has-post-thumbnail","hentry","locations-norway-es","locations-oslo-es-2","listing_categories-lecture-es"],"cmb2":{"listing_lecture_general":{"listing_title":"mi casa, su casa","listing_description":"En la ma\u00f1ana de un c\u00e1lido viernes, estudiantes y docentes del Grupo de Viaje 2018 de la FADU nos visitaron en \"\u00e6Stue\" y compartimos caf\u00e9s y diversos detalles sobre los procesos detr\u00e1s de la casa \"\u00e6House\" as\u00ed como ideas sobre nuestra modalidad de trabajo.\r\n\r\n\u2014\r\n<em>\"Grupo de Viaje \" es un viaje de estudios en desarrollo desde 1947. Es un curso opcional, pero un punto medular en la carrera de los estudiantes de arquitectura de la universidad p\u00fablica de Uruguay. Durante unos ocho meses, visitan diversos pa\u00edses, lugares, estudios y gente, alrededor del mundo en un viaje que sigue un plan de trabajo con gu\u00edas impresas \u2013y digitales\u2013 y docentes acompa\u00f1\u00e1ndoles y coordinando sus jornadas. Para realizar este viaje, los estudiantes venden bonos de loter\u00eda propios con premios que van de veh\u00edculos, viajes y hasta una vivienda, que se realiza anualmente luego de un concurso\u00a0 en Uruguay, el cual a su vez funciona como un term\u00f3metro del panorama arquitect\u00f3nico contempor\u00e1neo local. Este viaje de estudios es organizado \u00edntegramente por los estudiantes dentro de la Facultad de Arquitectura, Dise\u00f1o y Urbanismo (FADU) de la Universidad de la Rep\u00fablica O. del Uruguay<\/em><span class=\"text_exposed_show\"><em>. Estudiante forman parte de asambleas generales y as\u00ed deciden el programa acad\u00e9mico y dem\u00e1s detalles administrativos, econ\u00f3micos, program\u00e1ticos\u2026 etc.<\/em><\/span>\r\n\r\n<em>Obviamente este viaje no ser\u00eda posible sin una sociedad detr\u00e1s que respalda esta experiencia con la compra de rifas y con otras formas de apoyo a los estudiantes que por cuatro a\u00f1os trabajan para esta experiencia. Resulta incre\u00edble que exista tan poca informaci\u00f3n condensada de estos 70 a\u00f1os, pero seguramente aparezca en detalles aqu\u00ed y all\u00e1, y seguramente no es casual que as\u00ed sea.<\/em>\r\n\r\n\u2014\r\n<a href=\"http:\/\/www.plexo.edu.uy\/proyecto-academico\/itinerario\/\">Grupo de Viaje 2018<\/a>\r\n\r\n\u2014\r\n\r\nFotos y coordinaci\u00f3n: Docente Pablo Can\u00e9n (gracias!)","listing_featured_image":"https:\/\/www.antipodes.cafe\/wp-content\/uploads\/2018\/09\/IMG_6995.jpeg","listing_featured_image_id":""},"listing_lecture_banner":{"listing_banner":"banner_featured_image","listing_banner_image":"","listing_banner_image_id":"","listing_banner_video":"","listing_banner_video_id":"","listing_banner_video_embed":"","listing_banner_map_zoom":"12","listing_banner_map_type":"SATELLITE","listing_banner_map_marker":""},"listing_lecture_gallery":{"listing_gallery":""},"listing_lecture_video":{"listing_video":""},"listing_lecture_price":{"listing_price":"","listing_price_prefix":"","listing_price_suffix":"","listing_price_custom":""},"listing_lecture_listing_category":{"listing_listing_category":""},"listing_lecture_location":{"listing_address":"Rostockgata 99, 0194","listing_locations":["norway","oslo"],"listing_map_location":{"address":"","latitude":"59.904626903006076","longitude":"10.757474042327878"},"listing_map_location_polygon":"","listing_street_view":"","listing_street_view_location":{"latitude":"37.81240457820649","longitude":"-122.4760775295691","zoom":"1","heading":"-18","pitch":"25"},"listing_inside_view":"","listing_inside_view_location":{"latitude":"37.81240457820649","longitude":"-122.4760775295691","zoom":"1","heading":"-18","pitch":"25"},"listing_venue":"antipodes caf\u00e9 Stue"},"listing_lecture_social":{"listing_facebook":"","listing_twitter":"","listing_google":"","listing_instagram":"","listing_vimeo":"","listing_youtube":"","listing_linkedin":"","listing_dribbble":"","listing_skype":"","listing_foursquare":"","listing_behance":""},"listing_lecture_date":{"listing_date":"1535587200"},"listing_lecture_time":{"listing_time":"10:00 AM"}},"_links":{"self":[{"href":"https:\/\/www.antipodes.cafe\/es\/wp-json\/wp\/v2\/lecture\/21889","targetHints":{"allow":["GET"]}}],"collection":[{"href":"https:\/\/www.antipodes.cafe\/es\/wp-json\/wp\/v2\/lecture"}],"about":[{"href":"https:\/\/www.antipodes.cafe\/es\/wp-json\/wp\/v2\/types\/lecture"}],"author":[{"embeddable":true,"href":"https:\/\/www.antipodes.cafe\/es\/wp-json\/wp\/v2\/users\/11"}],"replies":[{"embeddable":true,"href":"https:\/\/www.antipodes.cafe\/es\/wp-json\/wp\/v2\/comments?post=21889"}],"wp:featuredmedia":[{"embeddable":true,"href":"https:\/\/www.antipodes.cafe\/es\/wp-json\/wp\/v2\/media\/21876"}],"wp:attachment":[{"href":"https:\/\/www.antipodes.cafe\/es\/wp-json\/wp\/v2\/media?parent=21889"}],"wp:term":[{"taxonomy":"locations","embeddable":true,"href":"https:\/\/www.antipodes.cafe\/es\/wp-json\/wp\/v2\/locations?post=21889"},{"taxonomy":"listing_categories","embeddable":true,"href":"https:\/\/www.antipodes.cafe\/es\/wp-json\/wp\/v2\/listing_categories?post=21889"}],"curies":[{"name":"wp","href":"https:\/\/api.w.org\/{rel}","templated":true}]}}

<p>En la mañana de un cálido viernes, estudiantes y docentes del Grupo de Viaje 2018 de la FADU nos visitaron en «æStue» y compartimos cafés y diversos detalles sobre los procesos detrás de la casa «æHouse» así como ideas sobre nuestra modalidad de trabajo.</p>
<p>—<br />
<em>«Grupo de Viaje » es un viaje de estudios en desarrollo desde 1947. Es un curso opcional, pero un punto medular en la carrera de los estudiantes de arquitectura de la universidad pública de Uruguay. Durante unos ocho meses, visitan diversos países, lugares, estudios y gente, alrededor del mundo en un viaje que sigue un plan de trabajo con guías impresas –y digitales– y docentes acompañándoles y coordinando sus jornadas. Para realizar este viaje, los estudiantes venden bonos de lotería propios con premios que van de vehículos, viajes y hasta una vivienda, que se realiza anualmente luego de un concurso  en Uruguay, el cual a su vez funciona como un termómetro del panorama arquitectónico contemporáneo local. Este viaje de estudios es organizado íntegramente por los estudiantes dentro de la Facultad de Arquitectura, Diseño y Urbanismo (FADU) de la Universidad de la República O. del Uruguay</em><span class="text_exposed_show"><em>. Estudiante forman parte de asambleas generales y así deciden el programa académico y demás detalles administrativos, económicos, programáticos… etc.</em></span></p>
<p><em>Obviamente este viaje no sería posible sin una sociedad detrás que respalda esta experiencia con la compra de rifas y con otras formas de apoyo a los estudiantes que por cuatro años trabajan para esta experiencia. Resulta increíble que exista tan poca información condensada de estos 70 años, pero seguramente aparezca en detalles aquí y allá, y seguramente no es casual que así sea.</em></p>
<p>—<br />
<a href="http://www.plexo.edu.uy/proyecto-academico/itinerario/">Grupo de Viaje 2018</a></p>
<p>—</p>
<p>Fotos y coordinación: Docente Pablo Canén (gracias!)</p>

En la mañana de un cálido viernes, estudiantes y docentes del Grupo de Viaje 2018 de la FADU nos visitaron en "æStue" y compartimos cafés y diversos detalles sobre los procesos detrás de la casa "æHouse" así como ideas sobre nuestra modalidad de trabajo.

—
<em>"Grupo de Viaje " es un viaje de estudios en desarrollo desde 1947. Es un curso opcional, pero un punto medular en la carrera de los estudiantes de arquitectura de la universidad pública de Uruguay. Durante unos ocho meses, visitan diversos países, lugares, estudios y gente, alrededor del mundo en un viaje que sigue un plan de trabajo con guías impresas –y digitales– y docentes acompañándoles y coordinando sus jornadas. Para realizar este viaje, los estudiantes venden bonos de lotería propios con premios que van de vehículos, viajes y hasta una vivienda, que se realiza anualmente luego de un concurso  en Uruguay, el cual a su vez funciona como un termómetro del panorama arquitectónico contemporáneo local. Este viaje de estudios es organizado íntegramente por los estudiantes dentro de la Facultad de Arquitectura, Diseño y Urbanismo (FADU) de la Universidad de la República O. del Uruguay</em><span class="text_exposed_show"><em>. Estudiante forman parte de asambleas generales y así deciden el programa académico y demás detalles administrativos, económicos, programáticos… etc.</em></span>

<em>Obviamente este viaje no sería posible sin una sociedad detrás que respalda esta experiencia con la compra de rifas y con otras formas de apoyo a los estudiantes que por cuatro años trabajan para esta experiencia. Resulta increíble que exista tan poca información condensada de estos 70 años, pero seguramente aparezca en detalles aquí y allá, y seguramente no es casual que así sea.</em>

—
<a href="http://www.plexo.edu.uy/proyecto-academico/itinerario/">Grupo de Viaje 2018</a>

—

Fotos y coordinación: Docente Pablo Canén (gracias!)

antipodes café Stue
