{"id":10397,"date":"2014-11-28T17:00:05","date_gmt":"2014-11-28T16:00:05","guid":{"rendered":"https:\/\/www.antipodes.cafe\/?post_type=lecture&#038;p=10397\/"},"modified":"2017-02-24T14:35:48","modified_gmt":"2017-02-24T13:35:48","slug":"rafagas-de-diseno-grafico","status":"publish","type":"lecture","link":"https:\/\/www.antipodes.cafe\/es\/lecture\/rafagas-de-diseno-grafico\/","title":{"rendered":"R\u00e1fagas de dise\u00f1o gr\u00e1fico"},"content":{"rendered":"<p>De trabajar para otros a trabajar con otros, ese fue el punto de partida de nuestra presentaci\u00f3n en el marco de la IV Bienal Iberoamericana de dise\u00f1o 2014. Ejemplo: comunicaci\u00f3n visual para Garbibai 2013.<\/p>\n","protected":false},"author":11,"featured_media":10396,"comment_status":"closed","ping_status":"closed","template":"","meta":{"ngg_post_thumbnail":0},"locations":[518],"listing_categories":[465],"class_list":["post-10397","lecture","type-lecture","status-publish","has-post-thumbnail","hentry","locations-madrid-es-2","listing_categories-lecture-es"],"cmb2":{"listing_lecture_general":{"listing_title":"R\u00e1fagas de dise\u00f1o gr\u00e1fico","listing_description":"De trabajar para otros a trabajar con otros, ese fue el punto de partida de nuestra presentaci\u00f3n en el marco de la IV Bienal Iberoamericana de dise\u00f1o 2014. Ejemplo: comunicaci\u00f3n visual para Garbibai 2013.","listing_featured_image":"https:\/\/www.antipodes.cafe\/wp-content\/uploads\/2014\/11\/ae14_talk_rafagasdediseno.jpg","listing_featured_image_id":""},"listing_lecture_banner":{"listing_banner":"banner_featured_image","listing_banner_image":"","listing_banner_image_id":"0","listing_banner_video":"","listing_banner_video_id":"0","listing_banner_video_embed":"","listing_banner_map_zoom":"12","listing_banner_map_type":"SATELLITE","listing_banner_map_marker":""},"listing_lecture_gallery":{"listing_gallery":""},"listing_lecture_video":{"listing_video":""},"listing_lecture_price":{"listing_price":"","listing_price_prefix":"","listing_price_suffix":"","listing_price_custom":""},"listing_lecture_listing_category":{"listing_listing_category":["lecture"]},"listing_lecture_location":{"listing_address":"","listing_locations":["madrid"],"listing_map_location":{"address":"Mercado Central de Dise\u00f1o, Paseo de la Chopera, Madrid, Spain","latitude":"40.39151884547833","longitude":"-3.696957931213319"},"listing_map_location_polygon":"","listing_street_view":"","listing_street_view_location":{"latitude":"37.81240457820649","longitude":"-122.47607752956912","zoom":"1.0006703321219215","heading":"-18","pitch":"25"},"listing_inside_view":"","listing_inside_view_location":{"latitude":"37.81240457820649","longitude":"-122.47607752956912","zoom":"1.0006703321219215","heading":"-18","pitch":"25"},"listing_venue":""},"listing_lecture_social":{"listing_facebook":"","listing_twitter":"","listing_google":"","listing_instagram":"","listing_vimeo":"","listing_youtube":"","listing_linkedin":"","listing_dribbble":"","listing_skype":"","listing_foursquare":"","listing_behance":""},"listing_lecture_date":{"listing_date":"1480291200"},"listing_lecture_time":{"listing_time":"05:00 PM"}},"_links":{"self":[{"href":"https:\/\/www.antipodes.cafe\/es\/wp-json\/wp\/v2\/lecture\/10397","targetHints":{"allow":["GET"]}}],"collection":[{"href":"https:\/\/www.antipodes.cafe\/es\/wp-json\/wp\/v2\/lecture"}],"about":[{"href":"https:\/\/www.antipodes.cafe\/es\/wp-json\/wp\/v2\/types\/lecture"}],"author":[{"embeddable":true,"href":"https:\/\/www.antipodes.cafe\/es\/wp-json\/wp\/v2\/users\/11"}],"replies":[{"embeddable":true,"href":"https:\/\/www.antipodes.cafe\/es\/wp-json\/wp\/v2\/comments?post=10397"}],"wp:featuredmedia":[{"embeddable":true,"href":"https:\/\/www.antipodes.cafe\/es\/wp-json\/wp\/v2\/media\/10396"}],"wp:attachment":[{"href":"https:\/\/www.antipodes.cafe\/es\/wp-json\/wp\/v2\/media?parent=10397"}],"wp:term":[{"taxonomy":"locations","embeddable":true,"href":"https:\/\/www.antipodes.cafe\/es\/wp-json\/wp\/v2\/locations?post=10397"},{"taxonomy":"listing_categories","embeddable":true,"href":"https:\/\/www.antipodes.cafe\/es\/wp-json\/wp\/v2\/listing_categories?post=10397"}],"curies":[{"name":"wp","href":"https:\/\/api.w.org\/{rel}","templated":true}]}}

Ráfagas de diseño gráfico

<p>De trabajar para otros a trabajar con otros, ese fue el punto de partida de nuestra presentación en el marco de la IV Bienal Iberoamericana de diseño 2014. Ejemplo: comunicación visual para Garbibai 2013.</p>

De trabajar para otros a trabajar con otros, ese fue el punto de partida de nuestra presentación en el marco de la IV Bienal Iberoamericana de diseño 2014. Ejemplo: comunicación visual para Garbibai 2013.

Mercado Central de Diseño, Paseo de la Chopera, Madrid, Spain
