{"id":21607,"date":"2016-11-12T10:00:11","date_gmt":"2016-11-12T09:00:11","guid":{"rendered":"https:\/\/www.antipodes.cafe\/aedeg15\/la-pequena-pantalla\/"},"modified":"2019-05-02T20:16:16","modified_gmt":"2019-05-02T18:16:16","slug":"la-pequena-pantalla","status":"publish","type":"aedeg15","link":"https:\/\/www.antipodes.cafe\/es\/aedeg15\/la-pequena-pantalla\/","title":{"rendered":"La peque\u00f1a pantalla"},"content":{"rendered":"<p>Durante Noviembre, y gracias a la colaboraci\u00f3n del Instituto Franc\u00e9s en Oslo en relaci\u00f3n a licencias correspondientes, pudimos compartir diversas pel\u00edculas francesas en nuestra peque\u00f1a pantalla, una experiencia piloto para la actividad \u00ab<a href=\"https:\/\/www.antipodes.cafe\/?p=19859\">Cinemate<\/a>\u00ab\u00bb relacionada al proyecto \u00e6Stue. La programaci\u00f3n fue curada por antipodes caf\u00e9 y Alejandro Torre (UY) y comenz\u00f3 con una revisi\u00f3n del trabajo de Jacques Tati, y luego continu\u00f3 a trav\u00e9s de un rango amplio de temas y t\u00e9cnicas a lo largo de la historia del cine franc\u00e9s.<\/p>\n<p>Esta experiencia finaliz\u00f3 con la proyecci\u00f3n de la animaci\u00f3n <em>\u00abEl principito\u00bb<\/em> que si bien est\u00e1 en las ant\u00edpodas del nivel de las dem\u00e1s pel\u00edculas, sirvi\u00f3 para cerrar las <a href=\"https:\/\/www.antipodes.cafe\/es\/aedeg15\/el-principito-visita-aedeg15\/\">jornadas de actividades<\/a> relacionadas a tal novela con visita de grandes y chicos.<\/p>\n<table>\n<tbody>\n<tr>\n<td>11.12<\/td>\n<td>Tiempo de juego<\/td>\n<td><\/td>\n<td>Jacques Tati<\/td>\n<td>1967<\/td>\n<\/tr>\n<tr>\n<td>11.13<\/td>\n<td>Las vacaciones de Monsieur Hulot<\/td>\n<td><\/td>\n<td>Jacques Tati<\/td>\n<td>1953<\/td>\n<\/tr>\n<tr>\n<td>11.14<\/td>\n<td>Tr\u00e1nsito<\/td>\n<td><\/td>\n<td>Jacques Tati<\/td>\n<td>1973<\/td>\n<\/tr>\n<tr>\n<td>11.15<\/td>\n<td>Mi t\u00edo<\/td>\n<td><\/td>\n<td>Jacques Tati<\/td>\n<td>1958<\/td>\n<\/tr>\n<tr>\n<td>11.16<\/td>\n<td>D\u00eda de fiesta<\/td>\n<td><\/td>\n<td>Jacques Tati<\/td>\n<td>1949<\/td>\n<\/tr>\n<tr>\n<td>11.21<\/td>\n<td>Sin sol<\/td>\n<td><\/td>\n<td>Chris Marker<\/td>\n<td>1983<\/td>\n<\/tr>\n<tr>\n<td>11.22<\/td>\n<td>El muelle<\/td>\n<td><\/td>\n<td>Chris Marker<\/td>\n<td>1962<\/td>\n<\/tr>\n<tr>\n<td>11.24<\/td>\n<td>Adios al lenguaje<\/td>\n<td><\/td>\n<td>Jean-Luc Godard<\/td>\n<td>2014<\/td>\n<\/tr>\n<tr>\n<td>11.25<\/td>\n<td>La sociedad del espect\u00e1culo<\/td>\n<td><\/td>\n<td>Guy E. Debord<\/td>\n<td>1973<\/td>\n<\/tr>\n<tr>\n<td>11.26<\/td>\n<td>Cero en conducta<\/td>\n<td><\/td>\n<td>Jean Vigo<\/td>\n<td>1933<\/td>\n<\/tr>\n<tr>\n<td>11.27<\/td>\n<td>Los 400 golpes<\/td>\n<td><\/td>\n<td>Fran\u00e7ois Truffaut<\/td>\n<td>1959<\/td>\n<\/tr>\n<tr>\n<td>11.28<\/td>\n<td>El Principito<\/td>\n<td><\/td>\n<td>Mark Osborne<\/td>\n<td>2015<\/td>\n<\/tr>\n<\/tbody>\n<\/table>\n<hr \/>\n<h5><span style=\"color: #408edd;\">GRACIAS<\/span><\/h5>\n<p>Alejandro Torre<br \/>\nInstituto Franc\u00e9s en Oslo<\/p>\n","protected":false},"author":11,"featured_media":21608,"comment_status":"closed","ping_status":"closed","template":"","meta":{"ngg_post_thumbnail":0},"locations":[507,505],"listing_categories":[463,685],"class_list":["post-21607","aedeg15","type-aedeg15","status-publish","has-post-thumbnail","hentry","locations-norway-es","locations-oslo-es-2","listing_categories-aedeg15-es","listing_categories-situations-es"],"cmb2":{"listing_aedeg15_general":{"listing_title":"La peque\u00f1a pantalla","listing_description":"Durante Noviembre, y gracias a la colaboraci\u00f3n del Instituto Franc\u00e9s en Oslo en relaci\u00f3n a licencias correspondientes, pudimos compartir diversas pel\u00edculas francesas en nuestra peque\u00f1a pantalla, una experiencia piloto para la actividad \"<a href=\"https:\/\/www.antipodes.cafe\/activity\/cinemate\/\">Cinemate<\/a>\"\" relacionada al proyecto \u00e6Stue. La programaci\u00f3n fue curada por antipodes caf\u00e9 y Alejandro Torre (UY) y comenz\u00f3 con una revisi\u00f3n del trabajo de Jacques Tati, y luego continu\u00f3 a trav\u00e9s de un rango amplio de temas y t\u00e9cnicas a lo largo de la historia del cine franc\u00e9s.\r\n\r\nEsta experiencia finaliz\u00f3 con la proyecci\u00f3n de la animaci\u00f3n <em>\"El principito\"<\/em> que si bien est\u00e1 en las ant\u00edpodas del nivel de las dem\u00e1s pel\u00edculas, sirvi\u00f3 para cerrar las <a href=\"https:\/\/www.antipodes.cafe\/aedeg15\/the-little-prince-visits-ae-deg15\/\">jornadas de actividades<\/a>  relacionadas a tal novela con visita de grandes y chicos.\r\n<table>\r\n<tbody>\r\n<tr>\r\n<td>11.12<\/td>\r\n<td>Tiempo de juego<\/td>\r\n<td><\/td>\r\n<td>Jacques Tati<\/td>\r\n<td>1967<\/td>\r\n<\/tr>\r\n<tr>\r\n<td>11.13<\/td>\r\n<td>Las vacaciones de Monsieur Hulot<\/td>\r\n<td><\/td>\r\n<td>Jacques Tati<\/td>\r\n<td>1953<\/td>\r\n<\/tr>\r\n<tr>\r\n<td>11.14<\/td>\r\n<td>Tr\u00e1nsito<\/td>\r\n<td><\/td>\r\n<td>Jacques Tati<\/td>\r\n<td>1973<\/td>\r\n<\/tr>\r\n<tr>\r\n<td>11.15<\/td>\r\n<td>Mi t\u00edo<\/td>\r\n<td><\/td>\r\n<td>Jacques Tati<\/td>\r\n<td>1958<\/td>\r\n<\/tr>\r\n<tr>\r\n<td>11.16<\/td>\r\n<td>D\u00eda de fiesta<\/td>\r\n<td><\/td>\r\n<td>Jacques Tati<\/td>\r\n<td>1949<\/td>\r\n<\/tr>\r\n<tr>\r\n<td>11.21<\/td>\r\n<td>Sin sol<\/td>\r\n<td><\/td>\r\n<td>Chris Marker<\/td>\r\n<td>1983<\/td>\r\n<\/tr>\r\n<tr>\r\n<td>11.22<\/td>\r\n<td>El muelle<\/td>\r\n<td><\/td>\r\n<td>Chris Marker<\/td>\r\n<td>1962<\/td>\r\n<\/tr>\r\n<tr>\r\n<td>11.24<\/td>\r\n<td>Adios al lenguaje<\/td>\r\n<td><\/td>\r\n<td>Jean-Luc Godard<\/td>\r\n<td>2014<\/td>\r\n<\/tr>\r\n<tr>\r\n<td>11.25<\/td>\r\n<td>La sociedad del espect\u00e1culo<\/td>\r\n<td><\/td>\r\n<td>Guy E. Debord<\/td>\r\n<td>1973<\/td>\r\n<\/tr>\r\n<tr>\r\n<td>11.26<\/td>\r\n<td>Cero en conducta<\/td>\r\n<td><\/td>\r\n<td>Jean Vigo<\/td>\r\n<td>1933<\/td>\r\n<\/tr>\r\n<tr>\r\n<td>11.27<\/td>\r\n<td>Los 400 golpes<\/td>\r\n<td><\/td>\r\n<td>Fran\u00e7ois Truffaut<\/td>\r\n<td>1959<\/td>\r\n<\/tr>\r\n<tr>\r\n<td>11.28<\/td>\r\n<td>El Principito<\/td>\r\n<td><\/td>\r\n<td>Mark Osborne<\/td>\r\n<td>2015<\/td>\r\n<\/tr>\r\n<\/tbody>\r\n<\/table>\r\n<hr>\r\n<h5><span style=\"color: #408edd;\">GRACIAS<\/span><\/h5>\r\nAlejandro Torre\r\nInstituto Franc\u00e9s en Oslo","listing_featured_image":"https:\/\/www.antipodes.cafe\/wp-content\/uploads\/2016\/11\/Bilde-28.11.2016-17.50.19.jpg","listing_featured_image_id":""},"listing_aedeg15_banner":{"listing_banner":"banner_featured_image","listing_banner_image":"","listing_banner_image_id":"","listing_banner_video":"","listing_banner_video_id":"","listing_banner_video_embed":"","listing_banner_map_zoom":"12","listing_banner_map_type":"SATELLITE","listing_banner_map_marker":""},"listing_aedeg15_gallery":{"listing_gallery":""},"listing_aedeg15_video":{"listing_video":""},"listing_aedeg15_listing_category":{"listing_listing_category":["aedeg15-es"]},"listing_aedeg15_location":{"listing_address":"","listing_locations":["norway","oslo"],"listing_map_location":{"address":"","latitude":"","longitude":""},"listing_map_location_polygon":"","listing_street_view":"","listing_street_view_location":{"latitude":"37.81240457820649","longitude":"-122.47607752956912","zoom":"1.3920000000000001","heading":"-18","pitch":"25"},"listing_inside_view":"","listing_inside_view_location":{"latitude":"37.81240457820649","longitude":"-122.47607752956912","zoom":"1.371","heading":"-18","pitch":"25"}},"listing_aedeg15_contact":{"listing_email":"","listing_phone":"","listing_website":"","listing_person":"","listing_address":""},"listing_aedeg15_opening_hours":{"listing_opening_hours":[{"listing_day":"MONDAY","listing_time_from":"","listing_time_to":"","listing_custom":""},{"listing_day":"TUESDAY","listing_time_from":"","listing_time_to":"","listing_custom":""},{"listing_day":"WEDNESDAY","listing_time_from":"","listing_time_to":"","listing_custom":""},{"listing_day":"THURSDAY","listing_time_from":"","listing_time_to":"","listing_custom":""},{"listing_day":"FRIDAY","listing_time_from":"","listing_time_to":"","listing_custom":""},{"listing_day":"SATURDAY","listing_time_from":"","listing_time_to":"","listing_custom":""},{"listing_day":"SUNDAY","listing_time_from":"","listing_time_to":"","listing_custom":""}]},"listing_aedeg15_date":{"listing_date":""},"listing_aedeg15_time":{"listing_time":""},"listing_aedeg15_date_interval":{"listing_date_from":"1478905200","listing_date_to":"1480287600"},"listing_aedeg15_datetime_interval":{"listing_datetime_from":"","listing_datetime_to":""}},"_links":{"self":[{"href":"https:\/\/www.antipodes.cafe\/es\/wp-json\/wp\/v2\/aedeg15\/21607","targetHints":{"allow":["GET"]}}],"collection":[{"href":"https:\/\/www.antipodes.cafe\/es\/wp-json\/wp\/v2\/aedeg15"}],"about":[{"href":"https:\/\/www.antipodes.cafe\/es\/wp-json\/wp\/v2\/types\/aedeg15"}],"author":[{"embeddable":true,"href":"https:\/\/www.antipodes.cafe\/es\/wp-json\/wp\/v2\/users\/11"}],"replies":[{"embeddable":true,"href":"https:\/\/www.antipodes.cafe\/es\/wp-json\/wp\/v2\/comments?post=21607"}],"wp:featuredmedia":[{"embeddable":true,"href":"https:\/\/www.antipodes.cafe\/es\/wp-json\/wp\/v2\/media\/21608"}],"wp:attachment":[{"href":"https:\/\/www.antipodes.cafe\/es\/wp-json\/wp\/v2\/media?parent=21607"}],"wp:term":[{"taxonomy":"locations","embeddable":true,"href":"https:\/\/www.antipodes.cafe\/es\/wp-json\/wp\/v2\/locations?post=21607"},{"taxonomy":"listing_categories","embeddable":true,"href":"https:\/\/www.antipodes.cafe\/es\/wp-json\/wp\/v2\/listing_categories?post=21607"}],"curies":[{"name":"wp","href":"https:\/\/api.w.org\/{rel}","templated":true}]}}

La pequeña pantalla

<p>Durante Noviembre, y gracias a la colaboración del Instituto Francés en Oslo en relación a licencias correspondientes, pudimos compartir diversas películas francesas en nuestra pequeña pantalla, una experiencia piloto para la actividad «<a href="https://www.antipodes.cafe/?p=19859">Cinemate</a>«» relacionada al proyecto æStue. La programación fue curada por antipodes café y Alejandro Torre (UY) y comenzó con una revisión del trabajo de Jacques Tati, y luego continuó a través de un rango amplio de temas y técnicas a lo largo de la historia del cine francés.</p>
<p>Esta experiencia finalizó con la proyección de la animación <em>«El principito»</em> que si bien está en las antípodas del nivel de las demás películas, sirvió para cerrar las <a href="https://www.antipodes.cafe/es/aedeg15/el-principito-visita-aedeg15/">jornadas de actividades</a> relacionadas a tal novela con visita de grandes y chicos.</p>
<table>
<tbody>
<tr>
<td>11.12</td>
<td>Tiempo de juego</td>
<td></td>
<td>Jacques Tati</td>
<td>1967</td>
</tr>
<tr>
<td>11.13</td>
<td>Las vacaciones de Monsieur Hulot</td>
<td></td>
<td>Jacques Tati</td>
<td>1953</td>
</tr>
<tr>
<td>11.14</td>
<td>Tránsito</td>
<td></td>
<td>Jacques Tati</td>
<td>1973</td>
</tr>
<tr>
<td>11.15</td>
<td>Mi tío</td>
<td></td>
<td>Jacques Tati</td>
<td>1958</td>
</tr>
<tr>
<td>11.16</td>
<td>Día de fiesta</td>
<td></td>
<td>Jacques Tati</td>
<td>1949</td>
</tr>
<tr>
<td>11.21</td>
<td>Sin sol</td>
<td></td>
<td>Chris Marker</td>
<td>1983</td>
</tr>
<tr>
<td>11.22</td>
<td>El muelle</td>
<td></td>
<td>Chris Marker</td>
<td>1962</td>
</tr>
<tr>
<td>11.24</td>
<td>Adios al lenguaje</td>
<td></td>
<td>Jean-Luc Godard</td>
<td>2014</td>
</tr>
<tr>
<td>11.25</td>
<td>La sociedad del espectáculo</td>
<td></td>
<td>Guy E. Debord</td>
<td>1973</td>
</tr>
<tr>
<td>11.26</td>
<td>Cero en conducta</td>
<td></td>
<td>Jean Vigo</td>
<td>1933</td>
</tr>
<tr>
<td>11.27</td>
<td>Los 400 golpes</td>
<td></td>
<td>François Truffaut</td>
<td>1959</td>
</tr>
<tr>
<td>11.28</td>
<td>El Principito</td>
<td></td>
<td>Mark Osborne</td>
<td>2015</td>
</tr>
</tbody>
</table>
<hr />
<h5><span style="color: #408edd;">GRACIAS</span></h5>
<p>Alejandro Torre<br />
Instituto Francés en Oslo</p>

Durante Noviembre, y gracias a la colaboración del Instituto Francés en Oslo en relación a licencias correspondientes, pudimos compartir diversas películas francesas en nuestra pequeña pantalla, una experiencia piloto para la actividad "<a href="https://www.antipodes.cafe/activity/cinemate/">Cinemate</a>"" relacionada al proyecto æStue. La programación fue curada por antipodes café y Alejandro Torre (UY) y comenzó con una revisión del trabajo de Jacques Tati, y luego continuó a través de un rango amplio de temas y técnicas a lo largo de la historia del cine francés.

Esta experiencia finalizó con la proyección de la animación <em>"El principito"</em> que si bien está en las antípodas del nivel de las demás películas, sirvió para cerrar las <a href="https://www.antipodes.cafe/aedeg15/the-little-prince-visits-ae-deg15/">jornadas de actividades</a>  relacionadas a tal novela con visita de grandes y chicos.
<table>
<tbody>
<tr>
<td>11.12</td>
<td>Tiempo de juego</td>
<td></td>
<td>Jacques Tati</td>
<td>1967</td>
</tr>
<tr>
<td>11.13</td>
<td>Las vacaciones de Monsieur Hulot</td>
<td></td>
<td>Jacques Tati</td>
<td>1953</td>
</tr>
<tr>
<td>11.14</td>
<td>Tránsito</td>
<td></td>
<td>Jacques Tati</td>
<td>1973</td>
</tr>
<tr>
<td>11.15</td>
<td>Mi tío</td>
<td></td>
<td>Jacques Tati</td>
<td>1958</td>
</tr>
<tr>
<td>11.16</td>
<td>Día de fiesta</td>
<td></td>
<td>Jacques Tati</td>
<td>1949</td>
</tr>
<tr>
<td>11.21</td>
<td>Sin sol</td>
<td></td>
<td>Chris Marker</td>
<td>1983</td>
</tr>
<tr>
<td>11.22</td>
<td>El muelle</td>
<td></td>
<td>Chris Marker</td>
<td>1962</td>
</tr>
<tr>
<td>11.24</td>
<td>Adios al lenguaje</td>
<td></td>
<td>Jean-Luc Godard</td>
<td>2014</td>
</tr>
<tr>
<td>11.25</td>
<td>La sociedad del espectáculo</td>
<td></td>
<td>Guy E. Debord</td>
<td>1973</td>
</tr>
<tr>
<td>11.26</td>
<td>Cero en conducta</td>
<td></td>
<td>Jean Vigo</td>
<td>1933</td>
</tr>
<tr>
<td>11.27</td>
<td>Los 400 golpes</td>
<td></td>
<td>François Truffaut</td>
<td>1959</td>
</tr>
<tr>
<td>11.28</td>
<td>El Principito</td>
<td></td>
<td>Mark Osborne</td>
<td>2015</td>
</tr>
</tbody>
</table>
<hr>
<h5><span style="color: #408edd;">GRACIAS</span></h5>
Alejandro Torre
Instituto Francés en Oslo
