{"id":23239,"date":"2013-11-26T10:30:22","date_gmt":"2013-11-26T09:30:22","guid":{"rendered":"https:\/\/www.antipodes.cafe\/aethings\/el-futuro-es-brillante\/"},"modified":"2019-05-01T01:44:38","modified_gmt":"2019-04-30T23:44:38","slug":"el-futuro-es-brillante","status":"publish","type":"aeartworks","link":"https:\/\/www.antipodes.cafe\/es\/aethings\/el-futuro-es-brillante\/","title":{"rendered":"\u00abel futuro es brillante\u00bb"},"content":{"rendered":"<p>Collage: 55 x 40 cm<\/p>\n<p><img decoding=\"async\" class=\"alignnone size-full wp-image-22370\" src=\"https:\/\/www.antipodes.cafe\/wp-content\/uploads\/2018\/09\/AE13_LENTO-collage.jpg\" alt=\"\" width=\"50%\" \/><\/p>\n<p><em>Algunas notas:<\/em><\/p>\n<p>Los collarines de \u201csidra\/champagne\u201d son de los a\u00f1os 60\u2019s y sin uso. Todos ellos de vi\u00f1edos cercanos a La Paz, Uruguay\u2026 de donde viene Felipe, digamos. (Gracias Sylvia)<\/p>\n<p>La cita es del libro rojo de Mao, que a su vez fue tomada del texto \u201cSobre las negociaciones de Chungking\u201d (Octubre 17, 1945), Obras selectas, Vol. IV. p. 59. La frase fue agregada con letraset Uruguayas de los a\u00f1os 70\u2019s. (Gracias Andr\u00e9s)<\/p>\n<p>El papel impreso, utilizado como imagen de fondo y el de la imagen de las bananas, fueron tomados de cat\u00e1logos de diferentes tiendas donde comprar bananas y ropas, indistintamente. Esperamos que estos leales consumidores no presenten un problema. La imagen de la puerta, ni idea de d\u00f3nde sali\u00f3\u2026\u00a0\u00a0(agradecemos a sus fot\u00f3grafos, pero tambi\u00e9n a la modelo y a las bananas, a los impresores, productores de tinta, a personal de transporte y distribuci\u00f3n de estos cat\u00e1logos y tambi\u00e9n a toda persona atr\u00e1s de la producci\u00f3n de tales ropas y bananas, en definitiva a toda persona implicada en la producci\u00f3n de estas im\u00e1genes y sobretodo de su reciclaje, pues estos papeles impresos fueron tomados del tacho de basura\u2026)<\/p>\n<p>La cinta roja es de esas que se utiliza para empaques de regalos navide\u00f1os\u2026<\/p>\n<p>El collage no est\u00e1 a la venta.<\/p>\n<p>\u2014 Parte de este collage fue incluido en la tapa de la revista mensual\u00a0\u00a0<a href=\"http:\/\/wp.lento.uy\/lento-9-diciembre-2013\/\">\u201cLento\u201d<\/a> (Uruguay)N\u00famero 9, diciembre de 2013. Ejemplar sobre \u00abfin de a\u00f1o\u00bb.<\/p>\n<p><img loading=\"lazy\" decoding=\"async\" width=\"240\" height=\"310\" class=\"alignnone size-full wp-image-22365\" src=\"https:\/\/www.antipodes.cafe\/wp-content\/uploads\/2018\/09\/2013_tapa-lento9.jpg\" \/><br \/>\nRevista: 31 x 24 cm (collage recortado por \u00e6)<\/p>\n<p><img loading=\"lazy\" decoding=\"async\" width=\"720\" height=\"960\" class=\"alignnone size-full wp-image-22360\" src=\"https:\/\/www.antipodes.cafe\/wp-content\/uploads\/2018\/09\/2013_lento-uy.jpg\" srcset=\"https:\/\/www.antipodes.cafe\/wp-content\/uploads\/2018\/09\/2013_lento-uy.jpg 720w, https:\/\/www.antipodes.cafe\/wp-content\/uploads\/2018\/09\/2013_lento-uy-600x800.jpg 600w, https:\/\/www.antipodes.cafe\/wp-content\/uploads\/2018\/09\/2013_lento-uy-675x900.jpg 675w\" sizes=\"auto, (max-width: 720px) 100vw, 720px\" \/><\/p>\n<p>El collage y una copia del mismo fueron tambi\u00e9n parte de la exposici\u00f3n \u00ab<a href=\"https:\/\/www.antipodes.cafe\/exhibition\/pintxo-poster\/\">Pintxo Poster<\/a>\u00bb celebrada en Tabakalera, Donostia, en abril de 2019.<\/p>\n","protected":false},"author":11,"featured_media":22374,"comment_status":"closed","ping_status":"closed","template":"","meta":{"ngg_post_thumbnail":0},"locations":[507],"listing_categories":[700,451],"class_list":["post-23239","aeartworks","type-aeartworks","status-publish","has-post-thumbnail","hentry","locations-norway-es","listing_categories-collaborations-es","listing_categories-artworks-es"],"cmb2":{"listing_aeartworks_general":{"listing_title":"&#8220;el futuro es brillante&#8221;","listing_description":"Collage: 55 x 40 cm\r\n\r\n<img class=\"alignnone size-full wp-image-22370\" src=\"https:\/\/www.antipodes.cafe\/wp-content\/uploads\/2018\/09\/AE13_LENTO-collage.jpg\" alt=\"\" width=\"50%\" \/>\r\n\r\n<em>Algunas notas:<\/em>\r\n\r\nLos collarines de \u201csidra\/champagne\u201d son de los a\u00f1os 60\u2019s y sin uso. Todos ellos de vi\u00f1edos cercanos a La Paz, Uruguay\u2026 de donde viene Felipe, digamos. (Gracias Sylvia)\r\n\r\nLa cita es del libro rojo de Mao, que a su vez fue tomada del texto \u201cSobre las negociaciones de Chungking\u201d (Octubre 17, 1945), Obras selectas, Vol. IV. p. 59. La frase fue agregada con letraset Uruguayas de los a\u00f1os 70\u2019s. (Gracias Andr\u00e9s)\r\n\r\nEl papel impreso, utilizado como imagen de fondo y el de la imagen de las bananas, fueron tomados de cat\u00e1logos de diferentes tiendas donde comprar bananas y ropas, indistintamente. Esperamos que estos leales consumidores no presenten un problema. La imagen de la puerta, ni idea de d\u00f3nde sali\u00f3\u2026\u00a0\u00a0(agradecemos a sus fot\u00f3grafos, pero tambi\u00e9n a la modelo y a las bananas, a los impresores, productores de tinta, a personal de transporte y distribuci\u00f3n de estos cat\u00e1logos y tambi\u00e9n a toda persona atr\u00e1s de la producci\u00f3n de tales ropas y bananas, en definitiva a toda persona implicada en la producci\u00f3n de estas im\u00e1genes y sobretodo de su reciclaje, pues estos papeles impresos fueron tomados del tacho de basura\u2026)\r\n\r\nLa cinta roja es de esas que se utiliza para empaques de regalos navide\u00f1os\u2026\r\n\r\nEl collage no est\u00e1 a la venta.\r\n\r\n\u2014 Parte de este collage fue incluido en la tapa de la revista mensual\u00a0\u00a0<a href=\"http:\/\/wp.lento.uy\/lento-9-diciembre-2013\/\">\u201cLento\u201d<\/a> (Uruguay)N\u00famero 9, diciembre de 2013. Ejemplar sobre \"fin de a\u00f1o\".\r\n\r\n<img class=\"alignnone size-full wp-image-22365\" src=\"https:\/\/www.antipodes.cafe\/wp-content\/uploads\/2018\/09\/2013_tapa-lento9.jpg\" \/>\r\nRevista: 31 x 24 cm (collage recortado por \u00e6)\r\n\r\n<img class=\"alignnone size-full wp-image-22360\" src=\"https:\/\/www.antipodes.cafe\/wp-content\/uploads\/2018\/09\/2013_lento-uy.jpg\" \/>\r\n\r\nEl collage y una copia del mismo fueron tambi\u00e9n parte de la exposici\u00f3n \"<a href=\"\/?p=22947\">Pintxo Poster<\/a>\" celebrada en Tabakalera, Donostia, en abril de 2019.","listing_featured_image":"https:\/\/www.antipodes.cafe\/wp-content\/uploads\/2018\/09\/AE13_LENTO-collage.jpg","listing_featured_image_id":""},"listing_aeartworks_banner":{"listing_banner":"banner_featured_image","listing_banner_image":"","listing_banner_image_id":"","listing_banner_video":"","listing_banner_video_id":"","listing_banner_video_embed":"","listing_banner_map_zoom":"12","listing_banner_map_type":"SATELLITE","listing_banner_map_marker":""},"listing_aeartworks_gallery":{"listing_gallery":""},"listing_aeartworks_video":{"listing_video":""},"listing_aeartworks_price":{"listing_price":"","listing_price_prefix":"","listing_price_suffix":"","listing_price_custom":""},"listing_aeartworks_listing_category":{"listing_listing_category":""},"listing_aeartworks_location":{"listing_address":"","listing_locations":["norway",""],"listing_map_location":{"address":"","latitude":"","longitude":""},"listing_map_location_polygon":"","listing_street_view":"","listing_street_view_location":{"latitude":"37.81240457820649","longitude":"-122.47607752956912","zoom":"1.1721809753826806","heading":"-18","pitch":"25"},"listing_inside_view":"","listing_inside_view_location":{"latitude":"37.81240457820649","longitude":"-122.47607752956912","zoom":"1.1721809753826806","heading":"-18","pitch":"25"}},"listing_aeartworks_date":{"listing_date":"1385506800"},"listing_aeartworks_date_interval":{"listing_date_from":"","listing_date_to":""}},"_links":{"self":[{"href":"https:\/\/www.antipodes.cafe\/es\/wp-json\/wp\/v2\/aeartworks\/23239","targetHints":{"allow":["GET"]}}],"collection":[{"href":"https:\/\/www.antipodes.cafe\/es\/wp-json\/wp\/v2\/aeartworks"}],"about":[{"href":"https:\/\/www.antipodes.cafe\/es\/wp-json\/wp\/v2\/types\/aeartworks"}],"author":[{"embeddable":true,"href":"https:\/\/www.antipodes.cafe\/es\/wp-json\/wp\/v2\/users\/11"}],"replies":[{"embeddable":true,"href":"https:\/\/www.antipodes.cafe\/es\/wp-json\/wp\/v2\/comments?post=23239"}],"wp:featuredmedia":[{"embeddable":true,"href":"https:\/\/www.antipodes.cafe\/es\/wp-json\/wp\/v2\/media\/22374"}],"wp:attachment":[{"href":"https:\/\/www.antipodes.cafe\/es\/wp-json\/wp\/v2\/media?parent=23239"}],"wp:term":[{"taxonomy":"locations","embeddable":true,"href":"https:\/\/www.antipodes.cafe\/es\/wp-json\/wp\/v2\/locations?post=23239"},{"taxonomy":"listing_categories","embeddable":true,"href":"https:\/\/www.antipodes.cafe\/es\/wp-json\/wp\/v2\/listing_categories?post=23239"}],"curies":[{"name":"wp","href":"https:\/\/api.w.org\/{rel}","templated":true}]}}

<p>Collage: 55 x 40 cm</p>
<p><img decoding="async" class="alignnone size-full wp-image-22370" src="https://www.antipodes.cafe/wp-content/uploads/2018/09/AE13_LENTO-collage.jpg" alt="" width="50%" /></p>
<p><em>Algunas notas:</em></p>
<p>Los collarines de “sidra/champagne” son de los años 60’s y sin uso. Todos ellos de viñedos cercanos a La Paz, Uruguay… de donde viene Felipe, digamos. (Gracias Sylvia)</p>
<p>La cita es del libro rojo de Mao, que a su vez fue tomada del texto “Sobre las negociaciones de Chungking” (Octubre 17, 1945), Obras selectas, Vol. IV. p. 59. La frase fue agregada con letraset Uruguayas de los años 70’s. (Gracias Andrés)</p>
<p>El papel impreso, utilizado como imagen de fondo y el de la imagen de las bananas, fueron tomados de catálogos de diferentes tiendas donde comprar bananas y ropas, indistintamente. Esperamos que estos leales consumidores no presenten un problema. La imagen de la puerta, ni idea de dónde salió…  (agradecemos a sus fotógrafos, pero también a la modelo y a las bananas, a los impresores, productores de tinta, a personal de transporte y distribución de estos catálogos y también a toda persona atrás de la producción de tales ropas y bananas, en definitiva a toda persona implicada en la producción de estas imágenes y sobretodo de su reciclaje, pues estos papeles impresos fueron tomados del tacho de basura…)</p>
<p>La cinta roja es de esas que se utiliza para empaques de regalos navideños…</p>
<p>El collage no está a la venta.</p>
<p>— Parte de este collage fue incluido en la tapa de la revista mensual  <a href="http://wp.lento.uy/lento-9-diciembre-2013/">“Lento”</a> (Uruguay)Número 9, diciembre de 2013. Ejemplar sobre «fin de año».</p>
<p><img loading="lazy" decoding="async" width="240" height="310" class="alignnone size-full wp-image-22365" src="https://www.antipodes.cafe/wp-content/uploads/2018/09/2013_tapa-lento9.jpg" /><br />
Revista: 31 x 24 cm (collage recortado por æ)</p>
<p><img loading="lazy" decoding="async" width="720" height="960" class="alignnone size-full wp-image-22360" src="https://www.antipodes.cafe/wp-content/uploads/2018/09/2013_lento-uy.jpg" srcset="https://www.antipodes.cafe/wp-content/uploads/2018/09/2013_lento-uy.jpg 720w, https://www.antipodes.cafe/wp-content/uploads/2018/09/2013_lento-uy-600x800.jpg 600w, https://www.antipodes.cafe/wp-content/uploads/2018/09/2013_lento-uy-675x900.jpg 675w" sizes="auto, (max-width: 720px) 100vw, 720px" /></p>
<p>El collage y una copia del mismo fueron también parte de la exposición «<a href="https://www.antipodes.cafe/exhibition/pintxo-poster/">Pintxo Poster</a>» celebrada en Tabakalera, Donostia, en abril de 2019.</p>

Collage: 55 x 40 cm

<img class="alignnone size-full wp-image-22370" src="https://www.antipodes.cafe/wp-content/uploads/2018/09/AE13_LENTO-collage.jpg" alt="" width="50%" />

<em>Algunas notas:</em>

Los collarines de “sidra/champagne” son de los años 60’s y sin uso. Todos ellos de viñedos cercanos a La Paz, Uruguay… de donde viene Felipe, digamos. (Gracias Sylvia)

La cita es del libro rojo de Mao, que a su vez fue tomada del texto “Sobre las negociaciones de Chungking” (Octubre 17, 1945), Obras selectas, Vol. IV. p. 59. La frase fue agregada con letraset Uruguayas de los años 70’s. (Gracias Andrés)

El papel impreso, utilizado como imagen de fondo y el de la imagen de las bananas, fueron tomados de catálogos de diferentes tiendas donde comprar bananas y ropas, indistintamente. Esperamos que estos leales consumidores no presenten un problema. La imagen de la puerta, ni idea de dónde salió…  (agradecemos a sus fotógrafos, pero también a la modelo y a las bananas, a los impresores, productores de tinta, a personal de transporte y distribución de estos catálogos y también a toda persona atrás de la producción de tales ropas y bananas, en definitiva a toda persona implicada en la producción de estas imágenes y sobretodo de su reciclaje, pues estos papeles impresos fueron tomados del tacho de basura…)

La cinta roja es de esas que se utiliza para empaques de regalos navideños…

El collage no está a la venta.

— Parte de este collage fue incluido en la tapa de la revista mensual  <a href="http://wp.lento.uy/lento-9-diciembre-2013/">“Lento”</a> (Uruguay)Número 9, diciembre de 2013. Ejemplar sobre "fin de año".

<img class="alignnone size-full wp-image-22365" src="https://www.antipodes.cafe/wp-content/uploads/2018/09/2013_tapa-lento9.jpg" />
Revista: 31 x 24 cm (collage recortado por æ)

<img class="alignnone size-full wp-image-22360" src="https://www.antipodes.cafe/wp-content/uploads/2018/09/2013_lento-uy.jpg" />

El collage y una copia del mismo fueron también parte de la exposición "<a href="/?p=22947">Pintxo Poster</a>" celebrada en Tabakalera, Donostia, en abril de 2019.
